{"id":14,"date":"2021-07-21T15:14:18","date_gmt":"2021-07-21T13:14:18","guid":{"rendered":"https:\/\/unibestparts.com\/?page_id=14"},"modified":"2026-01-05T07:41:51","modified_gmt":"2026-01-05T06:41:51","slug":"sluzby","status":"publish","type":"page","link":"https:\/\/www.unibestparts.com\/index.php\/sluzby\/","title":{"rendered":"Technologie a slu\u017eby"},"content":{"rendered":"\t\t<div data-elementor-type=\"wp-page\" data-elementor-id=\"14\" class=\"elementor elementor-14\" data-elementor-settings=\"[]\">\n\t\t\t\t\t\t\t<div class=\"elementor-section-wrap\">\n\t\t\t\t\t\t\t<section class=\"elementor-section elementor-top-section elementor-element elementor-element-7ebfdd63 elementor-section-boxed elementor-section-height-default elementor-section-height-default\" data-id=\"7ebfdd63\" data-element_type=\"section\" data-settings=\"{&quot;background_background&quot;:&quot;classic&quot;}\">\n\t\t\t\t\t\t\t<div class=\"elementor-background-overlay\"><\/div>\n\t\t\t\t\t\t\t<div class=\"elementor-container elementor-column-gap-default\">\n\t\t\t\t\t<div class=\"elementor-column elementor-col-100 elementor-top-column elementor-element elementor-element-6184bfe4\" data-id=\"6184bfe4\" data-element_type=\"column\">\n\t\t\t<div class=\"elementor-widget-wrap elementor-element-populated\">\n\t\t\t\t\t\t\t\t<section class=\"elementor-section elementor-inner-section elementor-element elementor-element-18f1d4ff elementor-section-boxed elementor-section-height-default elementor-section-height-default\" data-id=\"18f1d4ff\" data-element_type=\"section\">\n\t\t\t\t\t\t<div class=\"elementor-container elementor-column-gap-default\">\n\t\t\t\t\t<div class=\"elementor-column elementor-col-100 elementor-inner-column elementor-element elementor-element-43d9f49c\" data-id=\"43d9f49c\" data-element_type=\"column\" data-settings=\"{&quot;background_background&quot;:&quot;classic&quot;}\">\n\t\t\t<div class=\"elementor-widget-wrap elementor-element-populated\">\n\t\t\t\t\t\t\t\t<div class=\"elementor-element elementor-element-66f74456 elementor-widget elementor-widget-heading\" data-id=\"66f74456\" data-element_type=\"widget\" data-widget_type=\"heading.default\">\n\t\t\t\t<div class=\"elementor-widget-container\">\n\t\t\t<h3 class=\"elementor-heading-title elementor-size-large\"><b>TECHNOLOGIE A SLU\u017dBY <\/b><\/h3>\t\t<\/div>\n\t\t\t\t<\/div>\n\t\t\t\t\t<\/div>\n\t\t<\/div>\n\t\t\t\t\t\t\t<\/div>\n\t\t<\/section>\n\t\t\t\t\t<\/div>\n\t\t<\/div>\n\t\t\t\t\t\t\t<\/div>\n\t\t<\/section>\n\t\t\t\t<section class=\"elementor-section elementor-top-section elementor-element elementor-element-5cc709d3 elementor-section-height-min-height elementor-section-items-top elementor-section-content-top elementor-section-boxed elementor-section-height-default\" data-id=\"5cc709d3\" data-element_type=\"section\" data-settings=\"{&quot;background_background&quot;:&quot;classic&quot;}\">\n\t\t\t\t\t\t<div class=\"elementor-container elementor-column-gap-default\">\n\t\t\t\t\t<div class=\"elementor-column elementor-col-100 elementor-top-column elementor-element elementor-element-60ed1fbb\" data-id=\"60ed1fbb\" data-element_type=\"column\" data-settings=\"{&quot;background_background&quot;:&quot;classic&quot;}\">\n\t\t\t<div class=\"elementor-widget-wrap elementor-element-populated\">\n\t\t\t\t\t\t\t\t<div class=\"elementor-element elementor-element-e598c27 elementor-widget elementor-widget-heading\" data-id=\"e598c27\" data-element_type=\"widget\" data-widget_type=\"heading.default\">\n\t\t\t\t<div class=\"elementor-widget-container\">\n\t\t\t<h3 class=\"elementor-heading-title elementor-size-small\">Technologie a materi\u00e1ly, kter\u00e9 aplikujeme p\u0159i v\u00fdrob\u011b, d\u00e1vaj\u00ed mo\u017enost \u0161irok\u00e9ho v\u00fdb\u011bru sortiment\u016f v\u00fdrobk\u016f a slu\u017eeb. Pou\u017e\u00edvan\u00e9 materi\u00e1ly jsou certifikovan\u00e9. \n<br>Nab\u00edz\u00edme v\u00fdrobu struktur\u00e1ln\u00edch a leskl\u00fdch v\u00fdrobk\u016f v jednobarevn\u00e9m a v\u00edcebarevn\u00e9m proveden\u00ed a to bez lakov\u00e1n\u00ed. Na po\u017eadavek z\u00e1kazn\u00edka pro zpevn\u011bn\u00ed a v\u011bt\u0161\u00ed pru\u017enost v\u00fdrobk\u016f a z\u00e1rove\u0148 jejich odleh\u010den\u00ed se p\u0159i laminaci pou\u017e\u00edv\u00e1 tkanina.<br>Na\u0161e v\u00fdrobky m\u016f\u017eeme vyr\u00e1b\u011bt v samozh\u00e1\u0161iv\u00e9m proveden\u00ed a to jak v technologii vakuov\u00e9, ru\u010dn\u00ed a tak\u00e9 vst\u0159ikovac\u00ed \"injekt\u00e1\u017en\u00ed\" laminace. <br><br>Do d\u00edl\u016f dle pot\u0159eby vlepujeme kovov\u00e9 konstrukce s pou\u017eit\u00edm jedno a dvou komponentn\u00edch lepidel. Vlepen\u00e9 konstrukce dle po\u017eadavk\u016f lze zalaminovat. \n<br>Pro odhlu\u010dn\u011bn\u00ed a lep\u0161\u00ed termoizolaci se do v\u00fdrobk\u016f m\u016f\u017ee p\u0159idat PUR p\u011bna.<br><br>Na\u0161im st\u00e1vaj\u00edc\u00edm a nov\u00fdm z\u00e1kazn\u00edk\u016fm nab\u00edz\u00edme kusovou a s\u00e9riovou v\u00fdrobu.\n<br>V p\u0159\u00edpad\u011b z\u00e1jm\u016f n\u00e1s nev\u00e1hejte kontaktovat.<br><\/h3>\t\t<\/div>\n\t\t\t\t<\/div>\n\t\t\t\t<div class=\"elementor-element elementor-element-1f0e9c5 elementor-align-center elementor-widget elementor-widget-button\" data-id=\"1f0e9c5\" data-element_type=\"widget\" data-widget_type=\"button.default\">\n\t\t\t\t<div class=\"elementor-widget-container\">\n\t\t\t\t\t<div class=\"elementor-button-wrapper\">\n\t\t\t<a href=\"https:\/\/www.unibestparts.com\/index.php\/kontakt\/\" target=\"_blank\" class=\"elementor-button-link elementor-button elementor-size-sm\" role=\"button\">\n\t\t\t\t\t\t<span class=\"elementor-button-content-wrapper\">\n\t\t\t\t\t\t<span class=\"elementor-button-text\">Kontakt<\/span>\n\t\t<\/span>\n\t\t\t\t\t<\/a>\n\t\t<\/div>\n\t\t\t\t<\/div>\n\t\t\t\t<\/div>\n\t\t\t\t\t<\/div>\n\t\t<\/div>\n\t\t\t\t\t\t\t<\/div>\n\t\t<\/section>\n\t\t\t\t<section class=\"elementor-section elementor-top-section elementor-element elementor-element-306e895 elementor-section-boxed elementor-section-height-default elementor-section-height-default\" data-id=\"306e895\" data-element_type=\"section\">\n\t\t\t\t\t\t<div class=\"elementor-container elementor-column-gap-default\">\n\t\t\t\t\t<div class=\"elementor-column elementor-col-20 elementor-top-column elementor-element elementor-element-49e68d5\" data-id=\"49e68d5\" data-element_type=\"column\">\n\t\t\t<div class=\"elementor-widget-wrap elementor-element-populated\">\n\t\t\t\t\t\t\t\t<div class=\"elementor-element elementor-element-4b033dc elementor-widget elementor-widget-image\" data-id=\"4b033dc\" data-element_type=\"widget\" data-widget_type=\"image.default\">\n\t\t\t\t<div class=\"elementor-widget-container\">\n\t\t\t\t\t\t\t\t\t\t\t\t\t\t\t<img width=\"827\" height=\"550\" src=\"https:\/\/www.unibestparts.com\/wp-content\/uploads\/2021\/07\/217264837_179472984214857_7082801697433639599_n.jpg\" class=\"attachment-large size-large\" alt=\"\" loading=\"lazy\" srcset=\"https:\/\/www.unibestparts.com\/wp-content\/uploads\/2021\/07\/217264837_179472984214857_7082801697433639599_n.jpg 827w, https:\/\/www.unibestparts.com\/wp-content\/uploads\/2021\/07\/217264837_179472984214857_7082801697433639599_n-300x200.jpg 300w, https:\/\/www.unibestparts.com\/wp-content\/uploads\/2021\/07\/217264837_179472984214857_7082801697433639599_n-768x511.jpg 768w\" sizes=\"(max-width: 827px) 100vw, 827px\" \/>\t\t\t\t\t\t\t\t\t\t\t\t\t\t\t<\/div>\n\t\t\t\t<\/div>\n\t\t\t\t<div class=\"elementor-element elementor-element-c7481f4 elementor-widget elementor-widget-image\" data-id=\"c7481f4\" data-element_type=\"widget\" data-widget_type=\"image.default\">\n\t\t\t\t<div class=\"elementor-widget-container\">\n\t\t\t\t\t\t\t\t\t\t\t\t\t\t\t<img width=\"1024\" height=\"660\" src=\"https:\/\/www.unibestparts.com\/wp-content\/uploads\/2023\/09\/006-Koli\u0301n-II-1024x660.jpg\" class=\"attachment-large size-large\" alt=\"\" loading=\"lazy\" srcset=\"https:\/\/www.unibestparts.com\/wp-content\/uploads\/2023\/09\/006-Koli\u0301n-II-1024x660.jpg 1024w, https:\/\/www.unibestparts.com\/wp-content\/uploads\/2023\/09\/006-Koli\u0301n-II-300x193.jpg 300w, https:\/\/www.unibestparts.com\/wp-content\/uploads\/2023\/09\/006-Koli\u0301n-II-768x495.jpg 768w, https:\/\/www.unibestparts.com\/wp-content\/uploads\/2023\/09\/006-Koli\u0301n-II.jpg 1433w\" sizes=\"(max-width: 1024px) 100vw, 1024px\" \/>\t\t\t\t\t\t\t\t\t\t\t\t\t\t\t<\/div>\n\t\t\t\t<\/div>\n\t\t\t\t\t<\/div>\n\t\t<\/div>\n\t\t\t\t<div class=\"elementor-column elementor-col-20 elementor-top-column elementor-element elementor-element-acd2f7a\" data-id=\"acd2f7a\" data-element_type=\"column\">\n\t\t\t<div class=\"elementor-widget-wrap elementor-element-populated\">\n\t\t\t\t\t\t\t\t<div class=\"elementor-element elementor-element-6c39e68 elementor-widget elementor-widget-image\" data-id=\"6c39e68\" data-element_type=\"widget\" data-widget_type=\"image.default\">\n\t\t\t\t<div class=\"elementor-widget-container\">\n\t\t\t\t\t\t\t\t\t\t\t\t\t\t\t<img width=\"1024\" height=\"768\" src=\"https:\/\/www.unibestparts.com\/wp-content\/uploads\/2023\/09\/20211217_161803-1024x768.jpg\" class=\"attachment-large size-large\" alt=\"\" loading=\"lazy\" srcset=\"https:\/\/www.unibestparts.com\/wp-content\/uploads\/2023\/09\/20211217_161803-1024x768.jpg 1024w, https:\/\/www.unibestparts.com\/wp-content\/uploads\/2023\/09\/20211217_161803-300x225.jpg 300w, https:\/\/www.unibestparts.com\/wp-content\/uploads\/2023\/09\/20211217_161803-768x576.jpg 768w, https:\/\/www.unibestparts.com\/wp-content\/uploads\/2023\/09\/20211217_161803.jpg 1177w\" sizes=\"(max-width: 1024px) 100vw, 1024px\" \/>\t\t\t\t\t\t\t\t\t\t\t\t\t\t\t<\/div>\n\t\t\t\t<\/div>\n\t\t\t\t\t<\/div>\n\t\t<\/div>\n\t\t\t\t<div class=\"elementor-column elementor-col-20 elementor-top-column elementor-element elementor-element-e0e9b40\" data-id=\"e0e9b40\" data-element_type=\"column\">\n\t\t\t<div class=\"elementor-widget-wrap elementor-element-populated\">\n\t\t\t\t\t\t\t\t<div class=\"elementor-element elementor-element-4f8d4db elementor-widget elementor-widget-image\" data-id=\"4f8d4db\" data-element_type=\"widget\" data-widget_type=\"image.default\">\n\t\t\t\t<div class=\"elementor-widget-container\">\n\t\t\t\t\t\t\t\t\t\t\t\t\t\t\t<img width=\"1024\" height=\"766\" src=\"https:\/\/www.unibestparts.com\/wp-content\/uploads\/2021\/07\/215551940_245135977232142_5133039814116155621_n-1024x766.jpg\" class=\"attachment-large size-large\" alt=\"\" loading=\"lazy\" srcset=\"https:\/\/www.unibestparts.com\/wp-content\/uploads\/2021\/07\/215551940_245135977232142_5133039814116155621_n-1024x766.jpg 1024w, https:\/\/www.unibestparts.com\/wp-content\/uploads\/2021\/07\/215551940_245135977232142_5133039814116155621_n-300x225.jpg 300w, https:\/\/www.unibestparts.com\/wp-content\/uploads\/2021\/07\/215551940_245135977232142_5133039814116155621_n-768x575.jpg 768w, https:\/\/www.unibestparts.com\/wp-content\/uploads\/2021\/07\/215551940_245135977232142_5133039814116155621_n.jpg 1280w\" sizes=\"(max-width: 1024px) 100vw, 1024px\" \/>\t\t\t\t\t\t\t\t\t\t\t\t\t\t\t<\/div>\n\t\t\t\t<\/div>\n\t\t\t\t\t<\/div>\n\t\t<\/div>\n\t\t\t\t<div class=\"elementor-column elementor-col-20 elementor-top-column elementor-element elementor-element-c11ec11\" data-id=\"c11ec11\" data-element_type=\"column\">\n\t\t\t<div class=\"elementor-widget-wrap elementor-element-populated\">\n\t\t\t\t\t\t\t\t<div class=\"elementor-element elementor-element-5b2923b elementor-widget elementor-widget-image\" data-id=\"5b2923b\" data-element_type=\"widget\" data-widget_type=\"image.default\">\n\t\t\t\t<div class=\"elementor-widget-container\">\n\t\t\t\t\t\t\t\t\t\t\t\t\t\t\t<img width=\"1024\" height=\"766\" src=\"https:\/\/www.unibestparts.com\/wp-content\/uploads\/2021\/07\/219714098_249644580057547_1347995476828158521_n-1024x766.jpg\" class=\"attachment-large size-large\" alt=\"\" loading=\"lazy\" srcset=\"https:\/\/www.unibestparts.com\/wp-content\/uploads\/2021\/07\/219714098_249644580057547_1347995476828158521_n-1024x766.jpg 1024w, https:\/\/www.unibestparts.com\/wp-content\/uploads\/2021\/07\/219714098_249644580057547_1347995476828158521_n-300x225.jpg 300w, https:\/\/www.unibestparts.com\/wp-content\/uploads\/2021\/07\/219714098_249644580057547_1347995476828158521_n-768x575.jpg 768w, https:\/\/www.unibestparts.com\/wp-content\/uploads\/2021\/07\/219714098_249644580057547_1347995476828158521_n.jpg 1280w\" sizes=\"(max-width: 1024px) 100vw, 1024px\" \/>\t\t\t\t\t\t\t\t\t\t\t\t\t\t\t<\/div>\n\t\t\t\t<\/div>\n\t\t\t\t\t<\/div>\n\t\t<\/div>\n\t\t\t\t<div class=\"elementor-column elementor-col-20 elementor-top-column elementor-element elementor-element-f61e13a\" data-id=\"f61e13a\" data-element_type=\"column\">\n\t\t\t<div class=\"elementor-widget-wrap elementor-element-populated\">\n\t\t\t\t\t\t\t\t<div class=\"elementor-element elementor-element-4692d97 elementor-widget elementor-widget-image\" data-id=\"4692d97\" data-element_type=\"widget\" data-widget_type=\"image.default\">\n\t\t\t\t<div class=\"elementor-widget-container\">\n\t\t\t\t\t\t\t\t\t\t\t\t\t\t\t<img width=\"768\" height=\"1024\" src=\"https:\/\/www.unibestparts.com\/wp-content\/uploads\/2021\/07\/215358079_513183776570607_3291821214903495223_n-768x1024.jpg\" class=\"attachment-large size-large\" alt=\"\" loading=\"lazy\" srcset=\"https:\/\/www.unibestparts.com\/wp-content\/uploads\/2021\/07\/215358079_513183776570607_3291821214903495223_n-768x1023.jpg 768w, https:\/\/www.unibestparts.com\/wp-content\/uploads\/2021\/07\/215358079_513183776570607_3291821214903495223_n-225x300.jpg 225w, https:\/\/www.unibestparts.com\/wp-content\/uploads\/2021\/07\/215358079_513183776570607_3291821214903495223_n-1153x1536.jpg 1153w, https:\/\/www.unibestparts.com\/wp-content\/uploads\/2021\/07\/215358079_513183776570607_3291821214903495223_n.jpg 1200w\" sizes=\"(max-width: 768px) 100vw, 768px\" \/>\t\t\t\t\t\t\t\t\t\t\t\t\t\t\t<\/div>\n\t\t\t\t<\/div>\n\t\t\t\t\t<\/div>\n\t\t<\/div>\n\t\t\t\t\t\t\t<\/div>\n\t\t<\/section>\n\t\t\t\t<section class=\"elementor-section elementor-top-section elementor-element elementor-element-1664036 elementor-section-boxed elementor-section-height-default elementor-section-height-default\" data-id=\"1664036\" data-element_type=\"section\">\n\t\t\t\t\t\t<div class=\"elementor-container elementor-column-gap-default\">\n\t\t\t\t\t<div class=\"elementor-column elementor-col-20 elementor-top-column elementor-element elementor-element-785b760\" data-id=\"785b760\" data-element_type=\"column\">\n\t\t\t<div class=\"elementor-widget-wrap elementor-element-populated\">\n\t\t\t\t\t\t\t\t<div class=\"elementor-element elementor-element-118acd2 elementor-widget elementor-widget-image\" data-id=\"118acd2\" data-element_type=\"widget\" data-widget_type=\"image.default\">\n\t\t\t\t<div class=\"elementor-widget-container\">\n\t\t\t\t\t\t\t\t\t\t\t\t\t\t\t<img width=\"768\" height=\"1024\" src=\"https:\/\/www.unibestparts.com\/wp-content\/uploads\/2021\/07\/218389379_1145263702635626_3951628382475391105_n-768x1024.jpg\" class=\"attachment-large size-large\" alt=\"\" loading=\"lazy\" srcset=\"https:\/\/www.unibestparts.com\/wp-content\/uploads\/2021\/07\/218389379_1145263702635626_3951628382475391105_n-768x1023.jpg 768w, https:\/\/www.unibestparts.com\/wp-content\/uploads\/2021\/07\/218389379_1145263702635626_3951628382475391105_n-225x300.jpg 225w, https:\/\/www.unibestparts.com\/wp-content\/uploads\/2021\/07\/218389379_1145263702635626_3951628382475391105_n-1153x1536.jpg 1153w, https:\/\/www.unibestparts.com\/wp-content\/uploads\/2021\/07\/218389379_1145263702635626_3951628382475391105_n.jpg 1200w\" sizes=\"(max-width: 768px) 100vw, 768px\" \/>\t\t\t\t\t\t\t\t\t\t\t\t\t\t\t<\/div>\n\t\t\t\t<\/div>\n\t\t\t\t\t<\/div>\n\t\t<\/div>\n\t\t\t\t<div class=\"elementor-column elementor-col-20 elementor-top-column elementor-element elementor-element-8e006dc\" data-id=\"8e006dc\" data-element_type=\"column\">\n\t\t\t<div class=\"elementor-widget-wrap elementor-element-populated\">\n\t\t\t\t\t\t\t\t<div class=\"elementor-element elementor-element-cac4a9b elementor-widget elementor-widget-image\" data-id=\"cac4a9b\" data-element_type=\"widget\" data-widget_type=\"image.default\">\n\t\t\t\t<div class=\"elementor-widget-container\">\n\t\t\t\t\t\t\t\t\t\t\t\t\t\t\t<img width=\"766\" height=\"1024\" src=\"https:\/\/www.unibestparts.com\/wp-content\/uploads\/2021\/07\/218389384_2574528106189133_4738769603243815008_n-766x1024.jpg\" class=\"attachment-large size-large\" alt=\"\" loading=\"lazy\" srcset=\"https:\/\/www.unibestparts.com\/wp-content\/uploads\/2021\/07\/218389384_2574528106189133_4738769603243815008_n-766x1024.jpg 766w, https:\/\/www.unibestparts.com\/wp-content\/uploads\/2021\/07\/218389384_2574528106189133_4738769603243815008_n-225x300.jpg 225w, https:\/\/www.unibestparts.com\/wp-content\/uploads\/2021\/07\/218389384_2574528106189133_4738769603243815008_n-768x1026.jpg 768w, https:\/\/www.unibestparts.com\/wp-content\/uploads\/2021\/07\/218389384_2574528106189133_4738769603243815008_n.jpg 958w\" sizes=\"(max-width: 766px) 100vw, 766px\" \/>\t\t\t\t\t\t\t\t\t\t\t\t\t\t\t<\/div>\n\t\t\t\t<\/div>\n\t\t\t\t\t<\/div>\n\t\t<\/div>\n\t\t\t\t<div class=\"elementor-column elementor-col-20 elementor-top-column elementor-element elementor-element-47353f6\" data-id=\"47353f6\" data-element_type=\"column\">\n\t\t\t<div class=\"elementor-widget-wrap elementor-element-populated\">\n\t\t\t\t\t\t\t\t<div class=\"elementor-element elementor-element-1807fcd elementor-widget elementor-widget-image\" data-id=\"1807fcd\" data-element_type=\"widget\" data-widget_type=\"image.default\">\n\t\t\t\t<div class=\"elementor-widget-container\">\n\t\t\t\t\t\t\t\t\t\t\t\t\t\t\t<img width=\"828\" height=\"1023\" src=\"https:\/\/www.unibestparts.com\/wp-content\/uploads\/2021\/07\/220655690_1994413044051888_8412224375276793844_n.jpg\" class=\"attachment-large size-large\" alt=\"\" loading=\"lazy\" srcset=\"https:\/\/www.unibestparts.com\/wp-content\/uploads\/2021\/07\/220655690_1994413044051888_8412224375276793844_n.jpg 828w, https:\/\/www.unibestparts.com\/wp-content\/uploads\/2021\/07\/220655690_1994413044051888_8412224375276793844_n-243x300.jpg 243w, https:\/\/www.unibestparts.com\/wp-content\/uploads\/2021\/07\/220655690_1994413044051888_8412224375276793844_n-768x949.jpg 768w\" sizes=\"(max-width: 828px) 100vw, 828px\" \/>\t\t\t\t\t\t\t\t\t\t\t\t\t\t\t<\/div>\n\t\t\t\t<\/div>\n\t\t\t\t\t<\/div>\n\t\t<\/div>\n\t\t\t\t<div class=\"elementor-column elementor-col-20 elementor-top-column elementor-element elementor-element-160eabb\" data-id=\"160eabb\" data-element_type=\"column\">\n\t\t\t<div class=\"elementor-widget-wrap elementor-element-populated\">\n\t\t\t\t\t\t\t\t<div class=\"elementor-element elementor-element-fcc15c7 elementor-widget elementor-widget-image\" data-id=\"fcc15c7\" data-element_type=\"widget\" data-widget_type=\"image.default\">\n\t\t\t\t<div class=\"elementor-widget-container\">\n\t\t\t\t\t\t\t\t\t\t\t\t\t\t\t<img width=\"766\" height=\"1024\" src=\"https:\/\/www.unibestparts.com\/wp-content\/uploads\/2021\/07\/215219312_797548244269956_9181042973382127136_n-766x1024.jpg\" class=\"attachment-large size-large\" alt=\"\" loading=\"lazy\" srcset=\"https:\/\/www.unibestparts.com\/wp-content\/uploads\/2021\/07\/215219312_797548244269956_9181042973382127136_n-766x1024.jpg 766w, https:\/\/www.unibestparts.com\/wp-content\/uploads\/2021\/07\/215219312_797548244269956_9181042973382127136_n-225x300.jpg 225w, https:\/\/www.unibestparts.com\/wp-content\/uploads\/2021\/07\/215219312_797548244269956_9181042973382127136_n-768x1026.jpg 768w, https:\/\/www.unibestparts.com\/wp-content\/uploads\/2021\/07\/215219312_797548244269956_9181042973382127136_n.jpg 958w\" sizes=\"(max-width: 766px) 100vw, 766px\" \/>\t\t\t\t\t\t\t\t\t\t\t\t\t\t\t<\/div>\n\t\t\t\t<\/div>\n\t\t\t\t\t<\/div>\n\t\t<\/div>\n\t\t\t\t<div class=\"elementor-column elementor-col-20 elementor-top-column elementor-element elementor-element-4d387a3\" data-id=\"4d387a3\" data-element_type=\"column\">\n\t\t\t<div class=\"elementor-widget-wrap elementor-element-populated\">\n\t\t\t\t\t\t\t\t<div class=\"elementor-element elementor-element-9b50633 elementor-widget elementor-widget-image\" data-id=\"9b50633\" data-element_type=\"widget\" data-widget_type=\"image.default\">\n\t\t\t\t<div class=\"elementor-widget-container\">\n\t\t\t\t\t\t\t\t\t\t\t\t\t\t\t<img width=\"768\" height=\"1024\" src=\"https:\/\/www.unibestparts.com\/wp-content\/uploads\/2021\/07\/215373817_2961603030747992_2633079579844532232_n-768x1024.jpg\" class=\"attachment-large size-large\" alt=\"\" loading=\"lazy\" srcset=\"https:\/\/www.unibestparts.com\/wp-content\/uploads\/2021\/07\/215373817_2961603030747992_2633079579844532232_n-768x1023.jpg 768w, https:\/\/www.unibestparts.com\/wp-content\/uploads\/2021\/07\/215373817_2961603030747992_2633079579844532232_n-225x300.jpg 225w, https:\/\/www.unibestparts.com\/wp-content\/uploads\/2021\/07\/215373817_2961603030747992_2633079579844532232_n-1153x1536.jpg 1153w, https:\/\/www.unibestparts.com\/wp-content\/uploads\/2021\/07\/215373817_2961603030747992_2633079579844532232_n.jpg 1200w\" sizes=\"(max-width: 768px) 100vw, 768px\" \/>\t\t\t\t\t\t\t\t\t\t\t\t\t\t\t<\/div>\n\t\t\t\t<\/div>\n\t\t\t\t\t<\/div>\n\t\t<\/div>\n\t\t\t\t\t\t\t<\/div>\n\t\t<\/section>\n\t\t\t\t<section class=\"elementor-section elementor-top-section elementor-element elementor-element-41860a77 elementor-section-height-min-height elementor-section-boxed elementor-section-height-default elementor-section-items-middle\" data-id=\"41860a77\" data-element_type=\"section\" data-settings=\"{&quot;background_background&quot;:&quot;classic&quot;,&quot;shape_divider_top&quot;:&quot;book&quot;}\">\n\t\t\t\t\t\t\t<div class=\"elementor-background-overlay\"><\/div>\n\t\t\t\t\t\t<div class=\"elementor-shape elementor-shape-top\" data-negative=\"false\">\n\t\t\t<svg xmlns=\"http:\/\/www.w3.org\/2000\/svg\" viewBox=\"0 0 1000 100\" preserveAspectRatio=\"none\">\n\t<path class=\"elementor-shape-fill\" d=\"M194,99c186.7,0.7,305-78.3,306-97.2c1,18.9,119.3,97.9,306,97.2c114.3-0.3,194,0.3,194,0.3s0-91.7,0-100c0,0,0,0,0-0 L0,0v99.3C0,99.3,79.7,98.7,194,99z\"\/>\n<\/svg>\t\t<\/div>\n\t\t\t\t\t<div class=\"elementor-container elementor-column-gap-default\">\n\t\t\t\t\t<div class=\"elementor-column elementor-col-100 elementor-top-column elementor-element elementor-element-deb035b\" data-id=\"deb035b\" data-element_type=\"column\">\n\t\t\t<div class=\"elementor-widget-wrap\">\n\t\t\t\t\t\t\t\t\t<\/div>\n\t\t<\/div>\n\t\t\t\t\t\t\t<\/div>\n\t\t<\/section>\n\t\t\t\t\t\t<\/div>\n\t\t\t\t\t<\/div>\n\t\t","protected":false},"excerpt":{"rendered":"<p>TECHNOLOGIE A SLU\u017dBY Technologie a materi\u00e1ly, kter\u00e9 aplikujeme p\u0159i v\u00fdrob\u011b, d\u00e1vaj\u00ed mo\u017enost \u0161irok\u00e9ho v\u00fdb\u011bru sortiment\u016f v\u00fdrobk\u016f a slu\u017eeb. Pou\u017e\u00edvan\u00e9 materi\u00e1ly jsou certifikovan\u00e9. Nab\u00edz\u00edme v\u00fdrobu struktur\u00e1ln\u00edch a leskl\u00fdch v\u00fdrobk\u016f v jednobarevn\u00e9m a v\u00edcebarevn\u00e9m proveden\u00ed a to bez lakov\u00e1n\u00ed. Na po\u017eadavek z\u00e1kazn\u00edka pro zpevn\u011bn\u00ed a v\u011bt\u0161\u00ed pru\u017enost v\u00fdrobk\u016f a z\u00e1rove\u0148 jejich odleh\u010den\u00ed se p\u0159i laminaci pou\u017e\u00edv\u00e1 tkanina.Na\u0161e [&hellip;]<\/p>\n","protected":false},"author":1,"featured_media":0,"parent":0,"menu_order":0,"comment_status":"closed","ping_status":"closed","template":"","meta":{"om_disable_all_campaigns":false,"_monsterinsights_skip_tracking":false,"_monsterinsights_sitenote_active":false,"_monsterinsights_sitenote_note":"","_monsterinsights_sitenote_category":0},"_links":{"self":[{"href":"https:\/\/www.unibestparts.com\/index.php\/wp-json\/wp\/v2\/pages\/14"}],"collection":[{"href":"https:\/\/www.unibestparts.com\/index.php\/wp-json\/wp\/v2\/pages"}],"about":[{"href":"https:\/\/www.unibestparts.com\/index.php\/wp-json\/wp\/v2\/types\/page"}],"author":[{"embeddable":true,"href":"https:\/\/www.unibestparts.com\/index.php\/wp-json\/wp\/v2\/users\/1"}],"replies":[{"embeddable":true,"href":"https:\/\/www.unibestparts.com\/index.php\/wp-json\/wp\/v2\/comments?post=14"}],"version-history":[{"count":91,"href":"https:\/\/www.unibestparts.com\/index.php\/wp-json\/wp\/v2\/pages\/14\/revisions"}],"predecessor-version":[{"id":572,"href":"https:\/\/www.unibestparts.com\/index.php\/wp-json\/wp\/v2\/pages\/14\/revisions\/572"}],"wp:attachment":[{"href":"https:\/\/www.unibestparts.com\/index.php\/wp-json\/wp\/v2\/media?parent=14"}],"curies":[{"name":"wp","href":"https:\/\/api.w.org\/{rel}","templated":true}]}}